13. Calculate the greatest common divisor of u and 52.
52
Let w = 46738 + -46720. What is the greatest common divisor of 279 and w?
9
Let q be (14/(-21))/(5 - 5582/1116). Calculate the highest common divisor of 132 and q.
12
Let t be ((-1)/(-4))/(-1 + (-72)/(-64)). Suppose 1 = b, -213 = -5*u - b - t*b. What is the greatest common divisor of 56 and u?
14
Let d be 4089 + 14 + -1 - 12/(-1). What is the highest common factor of 136 and d?
34
Suppose 5*u - 245 = 70. Let z(i) = -i**2 + 5*i + 7. Suppose -h + 6*h = 25. Let b be z(h). What is the greatest common factor of b and u?
7
Let q = -2781 - -5656. Calculate the highest common divisor of 125 and q.
125
Let g(z) = 7*z - 82. Let o be g(8). Let l be 2/(-13) + (-680)/o. Let t be ((-39)/(-6))/((-3)/(-6)). What is the greatest common factor of l and t?
13
Suppose 3*g - 9 = 0, i - 2*g + 29 = 176. Suppose j + 3*x = 145, -5*x - i - 93 = -2*j. Calculate the greatest common divisor of j and 7.
7
Let n(x) = 4*x - 20. Let m be n(10). Let c(k) = -k**2 + 2*k**2 - 220*k + 227*k - m. Let f be c(-11). What is the highest common divisor of 96 and f?
24
Let x = 45 + -17. Let d be 16/x + 300/(-35). Let w be 9/12 + (-2586)/d. Calculate the greatest common factor of 36 and w.
36
Let v = -38090 - -38096. What is the greatest common factor of v and 1044?
6
Let i be ((-80)/15)/(16/(-24)). Suppose 12*r + i*r = 2040. Calculate the greatest common factor of 6 and r.
6
Let o be 3/(-11) - 188/(-44). Let j = 168 + -98. Suppose 7*v + 5*b - j = o*v, 0 = -2*v - 3*b + 46. What is the greatest common factor of v and 10?
10
Let r be ((-5528)/(-32) - -7)*-4. Let y = r + 740. Let d = -176 - -344. What is the highest common divisor of d and y?
21
Suppose -8*i - 42 + 18 = 0. Let m be (i/(-4))/((-195)/(-5200)). Calculate the greatest common factor of m and 260.
20
Let z = -174 - -525. Suppose -v + 921 = 5*x + 837, 4*v + 4*x - 192 = 0. What is the greatest common factor of v and z?
39
Suppose 260*r + 56*r - 8848 = 0. Calculate the highest common factor of 124 and r.
4
Let l(g) = -g**3 + 19*g**2 + 22*g + 30. Let x be l(20). Suppose 8*h = 52*h - 1232. What is the greatest common divisor of x and h?
14
Suppose -4*z + 2143 + 69 = 0. Calculate the greatest common factor of 168 and z.
7
Suppose 3*y - 28 = 4*p - 7, -4*p - 5*y + 3 = 0. Let t be 26 + (p - -2) + -6. What is the highest common factor of 1 and t?
1
Let s be -4 + 105/28 - 4875/(-12). Suppose -r + 153 = -s. Calculate the greatest common factor of r and 43.
43
Let r(b) = b**3 + 20*b**2 - b - 14. Suppose 6*v - 1440 = -6*v. Suppose 0 = 4*m + 2*m + v. Let t be r(m). Calculate the greatest common factor of t and 3.
3
Suppose 48 = t + t. Let s(x) = -x**2 + 49*x + 126. Let y be s(6). Calculate the greatest common factor of t and y.
24
Let m(p) = 279*p - 1377. Let j be m(5). What is the greatest common factor of j and 219?
3
Let s(j) = 3*j - 5. Let r be s(5). Suppose 0 = r*z - 0*z - 140. Let x = 118 - 6. Calculate the greatest common factor of x and z.
14
Suppose 179*g - 17447 = 18711. Calculate the greatest common factor of 5959 and g.
101
Let i = -362 + 395. Suppose 18*n = 21*n - i. What is the greatest common divisor of n and 11?
11
Let g = 6042 + -4718. Calculate the highest common divisor of 4 and g.
4
Let r = -248 - -248. Suppose -4*m + 87 + 1 = r. Calculate the highest common factor of 143 and m.
11
Let i be ((-10)/3)/((-6)/9). Let r be 361/i + (-18)/90. Let h = 119 - 11. What is the greatest common divisor of r and h?
36
Suppose 167 = -i - 4*s + 539, 0 = 5*s + 15. Let c be i + -2 - (2 + 0). What is the highest common divisor of c and 304?
76
Suppose -4*t = 2*s - 10, -7*s + 2*t - 23 = -2*s. Let n be 5 + 35 + -4 - (s + -1). Calculate the highest common divisor of n and 20.
20
Let h be (-13)/(2028/24) - (1 - 56/26). Let w(z) = z**3 + 2*z**2 - 3*z + 3. Let x be w(-3). Let f = -1 + x. What is the highest common divisor of f and h?
1
Suppose 33*j - 20445 = 67022 + 44368. What is the highest common factor of 1020 and j?
85
Let y be 6/(-9) - 92514/(-18). Suppose 0 = 11*n - y + 783. Calculate the greatest common factor of n and 36.
36
Let z = 42362 - 42298. Suppose -5*x + 160 = -4*a, -3*x + 0*a = a - 96. Calculate the highest common factor of z and x.
32
Let m(h) = 5*h**2 + 29*h + 150. Let y be m(-8). Suppose 3*c + n - 29 - 12 = 0, 0 = 5*c - n - 71. What is the highest common factor of c and y?
14
Let c = 602 + 50. Suppose 23*h = c + 2453. Calculate the highest common factor of 90 and h.
45
Let i(c) = -21*c + 38*c + 176 + 16*c. Let s be i(14). Calculate the greatest common divisor of s and 116.
58
Let m be (583 - 77)/(6/15). Calculate the greatest common factor of 575 and m.
115
Let v = -13 - -39. Let d(q) = -5 - 6 - 11 + 2*q**2 - 3*q + 0*q. Let c be d(-10). What is the greatest common divisor of c and v?
26
Let d be ((-14)/(-35) + 201/(-15))*-1. Suppose 0 = -11*g + 1221 + 638. What is the highest common divisor of g and d?
13
Suppose -2*b + 30 = 4*o, -o = 21*b - 19*b - 9. Let m = 17 + -23. Let l be -7*(-4 + 3 + m). Calculate the greatest common factor of l and o.
7
Suppose 0 = -3*p - 43 + 13. Let f = -29 - p. Let n = 47 + f. What is the greatest common divisor of n and 84?
28
Suppose 210*b - 519*b + 336005 = -242*b. Calculate the highest common divisor of 236 and b.
59
Let j = -886 + 982. Suppose -66*g = -67*g + 6. What is the greatest common divisor of g and j?
6
Suppose 5*r - 8 = 4*q, 5*r - 2*r - 12 = 0. Suppose 5*m = 4*m + q. Suppose -6*a + 54 = -m*a. Calculate the highest common divisor of 6 and a.
6
Let p(g) = -2*g**2 + 17*g + 24. Let z be p(6). Let l = -172 - -262. Calculate the highest common factor of l and z.
18
Let y(t) = 56*t**2 + 6*t + 79. Let c be y(-6). Calculate the highest common factor of 29 and c.
29
Let z be (-7)/(8 + -1)*(-8 + 2). Let t be (-1 - (-2)/((-4)/z)) + 304. What is the greatest common factor of t and 6?
6
Let c(f) = -5*f**2 - 3*f**3 - 7*f**3 - 7*f - 2 + 11*f**3. Let x be c(6). Let k = 80 - x. Calculate the highest common factor of 11 and k.
11
Let r = -295 - -326. Let x = 61 + r. What is the greatest common divisor of x and 322?
46
Let g be (-1*29 - (-3 - -6))*-1. Let k = g + 17. Let s = -22 + k. What is the highest common factor of s and 216?
27
Suppose -7*s + 4*s + 6370 = 23*s. Calculate the highest common divisor of s and 2254.
49
Suppose 4*z + 119 = a, -5*z + 421 + 349 = 5*a. Let d be 145/3 - (-4)/6. What is the highest common divisor of a and d?
49
Let n(c) = 4*c**2 + 3*c + 10. Suppose z + 2*y = -2, 4*y = -z + 4*z - 4. Let h be n(z). Calculate the greatest common divisor of 90 and h.
10
Suppose 279*b + 4*l = 281*b + 6, 4*b + l = 42. What is the highest common divisor of b and 2349?
9
Suppose -64 = 5*n - 9*n. Suppose 0 = -3*x - x + n. Let h(c) = 14*c - 6. Let f be h(x). What is the greatest common factor of f and 125?
25
Let m(k) = -37*k - 30. Let x be m(0). Let r = -14 - 46. Let v be x/(-4)*(-72)/r. Calculate the greatest common factor of 81 and v.
9
Let y = 631 - 511. Suppose 54*f = 59*f - y. What is the highest common factor of f and 24?
24
Let b(l) = l**3 + 10*l**2 - 12*l + 7. Let z be b(-9). Suppose -76*i = -74*i - z. What is the highest common divisor of 14 and i?
14
Let y be (2 - 0/(-1)) + 4. Let r(p) = -11 - p + 80 - 27 + 3. Let t be r(-3). What is the greatest common factor of t and y?
6
Suppose -4*r = 5*f - 567, 3*f - 3*r + 2*r = 347. Suppose 1 - 1 = -7*q. Let p be 1 + q + 43 - -2. Calculate the highest common divisor of p and f.
23
Suppose 14*f - 12*f = 206. Let n(a) = -46*a**2 - 51*a**2 + a**3 + 3*a + f*a**2. Let c be n(-4). Calculate the greatest common factor of 12 and c.
4
Let l be (-2 + (-3 - 0))*4/(-10). Suppose -5*s - 1196 = -4*b, -628 = -l*b + 2*s - 7*s. Calculate the highest common divisor of b and 16.
16
Let b(t) = t**2 - t - 60. Let y be b(7). Let m be 6/y + (-25)/(-3). Calculate the greatest common divisor of 11 and m.
1
Suppose 5*v = -4*v + 702. Let r be v*(-4)/(-6) - 3. What is the greatest common divisor of r and 49?
49
Let l be (0 + 131/(-4))*80/(-20). Let s = -128 + l. Calculate the greatest common divisor of s and 1.
1
Let n be -5 + (1340/(-50))/(2/5). Let s be (n/16)/((-4)/(76*4)). What is the greatest common factor of 19 and s?
19
Suppose -9*y = -42 + 6. Suppose 0 = -5*b - 3*g + 41 + 33, 0 = -y*b + g + 49. What is the highes